Suppose 0 = t*i - 2*b - 100, 1 - 43 = -2*i + 3*b. Calculate the highest common divisor of i and 297.
27
Let v be (-2)/(-4)*(-4774)/(-7). Let s = v + -297. What is the highest common factor of s and 55?
11
Let l(q) = q**3 - q + 1. Let b(w) = -2*w**3 - w**2 - w - 14. Let d(u) = -b(u) - 5*l(u). Let c be d(-2). Calculate the greatest common divisor of c and 5.
5
Suppose -5*t - 425 = -a + 324, -3*t = -3*a + 2283. Suppose -17*h + 3212 = a. What is the highest common factor of 252 and h?
36
Let v(c) = -3*c + 56. Let w be v(17). Suppose -w*z - 574 = -589. Calculate the highest common divisor of 90 and z.
3
Suppose 4*j = o - 543, -2*j = 2*o - 7*j - 1050. Let h(v) = 29*v - 3. Let x be h(2). What is the highest common factor of x and o?
55
Suppose 0 = v - 5*s - 79, 3*s = -3*v + 126 + 201. Let u be 4*(-12)/(-80)*(265 + -5). What is the highest common divisor of v and u?
52
Suppose -14*z - 200 + 830 = 0. Let q be (z/2)/((-17)/(-34)). What is the highest common divisor of 165 and q?
15
Let m = -47 - -46. Let z be m + (3 - (3 - 8)) - 2. Suppose -a = -5*a + 12, k + z*a - 290 = 0. What is the highest common factor of k and 25?
25
Let r(d) = -4*d + 18. Let f be r(4). Suppose 0 = f*l + 4 - 18. Let g be 1647/21 + (-3)/l. What is the highest common factor of 195 and g?
39
Suppose -372*r = -379*r + 8246. Calculate the greatest common factor of r and 722.
38
Suppose 48 = -12*j, 2*j - 1312 = 50*g - 52*g. What is the highest common divisor of g and 286?
22
Let x be (-36)/(-6) + -4 + 0. Suppose 42 = c + x*c. What is the greatest common divisor of c and 119?
7
Suppose a + a = 180. Suppose -720 = -289*o + 283*o. Calculate the highest common divisor of a and o.
30
Let c(p) = 29*p**2 - 8*p + 28. Let t be c(2). What is the highest common divisor of 496 and t?
16
Let x be (-108)/(-96) + -1 - (2 + 663/(-8)). Calculate the highest common factor of x and 117.
9
Let r(x) = 3*x**3 + 70*x**2 + 20*x - 35. Let q be (-330)/14 - 108/(-189). Let v be r(q). Calculate the highest common factor of v and 527.
17
Suppose 2941*y - 2960*y = -228. Calculate the highest common factor of 3372 and y.
12
Let x be 5 + (105/14)/(2/872*2). Calculate the highest common divisor of 5 and x.
5
Let d = -1909 + 1939. Let y be 268/22 + 6*7/(-231). Calculate the highest common factor of d and y.
6
Suppose 6*s - 4*s + 6 = 0, -3*s - 13 = -4*l. Let f be 8/l - -11 - 7. What is the highest common divisor of f and 324?
12
Let y = 3960 - 3952. Calculate the highest common divisor of 294 and y.
2
Suppose 27*u - 158981 - 595723 = 0. Calculate the highest common factor of u and 32.
16
Let n = 170 - 243. Let r = -11 + -50. Let m = r - n. What is the greatest common divisor of 3 and m?
3
Let x(p) = p + 3. Let g be x(7). Suppose 5*b - 3280 = 75. Suppose -9*s = -139 - b. Calculate the greatest common factor of g and s.
10
Let t(o) = -o**3 - 32*o**2 - 33*o - 62. Let h be t(-31). Suppose h = 6*k + 5*k + 198. Let q = -13 - k. What is the highest common divisor of 35 and q?
5
Let u = 5008 - 4963. Suppose -16 = -2*z - 0. Suppose z*i - 4*g - 25 = 3*i, 3*i + 2*g = 37. What is the greatest common divisor of u and i?
9
Suppose 0 = -3*c - 3*w - 60, 22*c = 26*c + w + 59. Suppose 2*g = -3*g + 90. Let a = g + c. What is the highest common divisor of 1 and a?
1
Let z be (-6 - 78/(-7))/((-6)/(-105)). Let m(i) = -11*i - 6. Let b be m(-3). What is the greatest common factor of b and z?
9
Let u = -653 + 658. Suppose 3*d - 4*c = 236, -u*c + 2*c = 2*d - 163. Calculate the greatest common factor of 30 and d.
10
Let v = -1740 - -1779. Suppose -37 = -s - 2*o, 2*s = 3*o - 11 + 106. Let u = s - v. Calculate the highest common divisor of u and 12.
4
Let n be ((-364)/78)/((-2)/(-9)*-1). Suppose 3*v = 3*f - 6, -7 + n = 5*f - 4*v. Calculate the greatest common factor of 162 and f.
6
Suppose 11*x = 7*x + 20. Suppose -a - 26*q + 22*q = -800, -5*a - x*q + 3940 = 0. What is the greatest common divisor of 98 and a?
98
Let v(c) = -c**2 - 12*c + 4332. Let q be v(-66). Calculate the greatest common factor of q and 1408.
128
Let n(h) = -208*h**3 + 2*h**2 - 3*h - 3. Let g be n(-1). Calculate the highest common divisor of g and 175.
35
Let y(a) = a + 8. Let f be y(-1). Suppose -f*j + 395 - 304 = 0. What is the greatest common factor of 1 and j?
1
Let t = -85 + 279. Let n = 369 - t. Calculate the greatest common factor of 25 and n.
25
Suppose -491*b + 514*b - 195 = 265. What is the highest common divisor of b and 45?
5
Let c be -3 - (-186 - (9 - 4)). Suppose c = -4*h + b, 3*h - 5*b + 132 = -2*b. Let a = -10 - h. What is the greatest common factor of a and 19?
19
Let o be (32/80)/((-3)/90). Let l(x) = 7*x + 219. Let y be l(o). Calculate the greatest common divisor of 5 and y.
5
Suppose 4*f + 22*q - 127 - 463 = 0, -4*f + 4*q + 668 = 0. Calculate the highest common divisor of f and 11562.
82
Suppose 0 = 5*u - 100*u - 135*u + 27830. What is the highest common divisor of 11737 and u?
121
Let p(z) = 39*z + 245. Let j be p(-6). What is the highest common divisor of j and 1419?
11
Suppose -2*t + 3*q = 4*q - 2348, -3515 = -3*t - 5*q. What is the highest common factor of t and 282?
47
Suppose 33*t + 49*t - 300 = 70*t. Let c be 10/(-25) + (-27)/(-5). Calculate the greatest common factor of t and c.
5
Let t be (48 + -49)/(27/75 + (-4)/10). What is the highest common divisor of 35 and t?
5
Suppose 4*s - 204 = -4*o, 2*s + 3*o - 97 = -0*s. Let i = -350 - -602. Calculate the greatest common factor of s and i.
28
Let d = -3090 - -3092. What is the greatest common divisor of d and 486?
2
Suppose 2 - 8 = 2*b - 2*h, 0 = -h - 3. Let p be -2 + (-36)/b - -38. Calculate the highest common divisor of p and 3.
3
Suppose -3*q + 3*c = 5*c - 468, -2*q = -4*c - 344. Calculate the highest common divisor of 5 and q.
5
Let g = -529 - -528. Let y be -2*g*(-252)/(-8). Calculate the greatest common divisor of 252 and y.
63
Suppose 149 + 251 = 4*q. Let l be 20/(6/(-15)*(-60)/48). Calculate the highest common factor of q and l.
20
Suppose 75 = 3*l - 60. Let n = 35347 + -35266. What is the greatest common divisor of l and n?
9
Suppose -14*b = -9*b - b - 208. Calculate the highest common divisor of 284 and b.
4
Suppose 2*k - 7*k - 35 = 0. Let l(p) = -58*p - 77. Let b be l(k). Calculate the highest common divisor of 47 and b.
47
Let a = 32678 + -31532. Calculate the greatest common divisor of a and 23302.
382
Suppose -6 = -0*f - f. Let t be (23/(-1))/((-3)/f). Calculate the greatest common factor of 184 and t.
46
Let a(i) = 36*i**2 - 64*i - 188. Let p be a(-5). Calculate the greatest common divisor of p and 16.
8
Let l = -6 - -60. Let g = -117 - -92. Let d = 43 + g. Calculate the highest common factor of d and l.
18
Suppose -223*y = 177*y - 796800. What is the highest common divisor of 264 and y?
24
Let z = 117 - 122. Let r be 12*(z - 91/(-3)). What is the greatest common divisor of r and 16?
16
Let a(f) = 357*f - 2454. Let c be a(7). Calculate the highest common divisor of c and 486.
9
Let w = -4604 - -7426. What is the highest common factor of 68 and w?
34
Let k(h) = -h**3 + 4*h**2 + 10*h + 11. Let z be k(6). Let d be (z + 609/15)/((-30)/(-225)). Calculate the highest common factor of 33 and d.
33
Let y(c) = 18*c**2 - 221*c + 5. Let v be y(13). Calculate the highest common divisor of 3741 and v.
87
Suppose -4*y + 2*l + 45 = -69, 5*l = 25. Let n = -16 + y. What is the greatest common divisor of n and 555?
15
Let h = 11879 + -10647. Calculate the greatest common divisor of 528 and h.
176
Suppose -13*q - 3519 = -4*q. Let t = -382 - q. What is the greatest common factor of 4 and t?
1
Suppose -1027 = -3*q - 4*c, 0*q - 4*c = -5*q + 1701. Let r = -248 + q. Calculate the highest common divisor of 3 and r.
3
Let l = -2 - -18. Let n(h) = -h**3 + 17*h**2 - 15*h - 9. Let z be n(l). Let m = -45 - -122. Calculate the highest common divisor of m and z.
7
Let i be -24 + 25 + (4/18 - (-250)/9). Calculate the highest common factor of i and 3451.
29
Suppose -3*p + 7*p = -0*p. Suppose -o + 151 = -2*m + 4*m, p = -m - 2. Let b = o + -146. Calculate the highest common divisor of b and 72.
9
Let h be 0/2 + -2 + -1296 + 1628. Calculate the highest common divisor of h and 3180.
30
Let q = 1597 - 1582. Calculate the greatest common divisor of 2265 and q.
15
Let s be (-21)/2*(-156)/7. Let w = -45602 + 45638. Calculate the 